w + 15. What is b(c)?
-1
Suppose 4*u = -15 - 9. Let q(s) be the first derivative of s**5/60 + s**4/4 - 11*s**2/2 + 22. Let z(g) be the second derivative of q(g). What is z(u)?
0
Let u(t) = -t**3 - 3*t**2 + 3*t + 3. Suppose -19 = -h + p, 3*h - 38 = h - 4*p. Let b = -22 + h. Calculate u(b).
-6
Let j(c) = c**3 + 6*c**2 - c - 2. Let n be (12/(-5))/(34/85). Calculate j(n).
4
Let w(n) = n**2 - 1. Let s(r) = -6*r**2 + 5. Let u(v) = -2*s(v) - 11*w(v). Let k be u(2). Suppose f = k*f + 20. Let x(z) = z + 1. Calculate x(f).
-4
Let s(j) be the second derivative of 0 - j**2 - 17*j - 1/12*j**4 + 1/6*j**3. Give s(3).
-8
Let z(m) = -4*m + 46. Let l be z(4). Let w(k) = -31 - l - k + 92 - 25. Give w(7).
-1
Let d(m) be the second derivative of m**5/20 - m**4/12 - 994*m. Give d(2).
4
Let h(v) = v**3 - 2*v**2 + v - 48. Suppose 12*g = -10*g - 0*g. Calculate h(g).
-48
Let j(r) be the third derivative of r**5/30 - r**4/3 + r**3/3 - 35*r**2 - r. Give j(6).
26
Let i(v) be the second derivative of v**4/6 - v**3/3 - 25*v**2 + 40*v. Let t(b) be the first derivative of i(b). What is t(4)?
14
Let f(j) = 2*j**2 - 18*j + 32. Let y be f(8). Let z(x) = x - 19. Determine z(y).
-3
Let y(i) = -11*i + i**3 + 12*i + 14*i**3 - 8*i**3. Let n be (2/(-2)*2)/(-2). Determine y(n).
8
Let z(b) = b**2 - 6*b + 6. Suppose 2*t - 24 = 4*p, -t - 3*p = -5*t + 28. Determine z(t).
-2
Let l(n) = -7*n + 121. Let g be (322/35 + 1)/((-6)/(-10)). Determine l(g).
2
Let g(s) = -7*s. Let x(w) = -w + 27. Let c be x(7). Let z(u) = -u**2 + 21*u - 20. Let t be z(c). Suppose l - 14 = -4*a, -5*l - 3*a + t*a = -19. What is g(l)?
-14
Suppose 6*n + 11 = 29. Let h(t) = 3*t - 7. Let c(a) = -2*a + 6. Let r(i) = n*h(i) + 4*c(i). What is r(3)?
6
Let u(m) be the second derivative of -5/2*m**2 - 1/6*m**3 - 11*m + 0. Give u(-11).
6
Let a(t) = 6 + 6*t**2 - t**3 - 13*t + 6*t + 4*t + 3. Determine a(6).
-9
Let f(v) = v**3 - 18*v**2 + 16*v + 13. Let u be f(17). Let m be (4/6)/((-2)/(-9)). Let l(w) = -3*w**2 - 1 + 1 + 6*w + 3*w**3 - 4*w**m + 3. What is l(u)?
-5
Let l(u) = -3 + u - 3*u - 5 - 5. Let n be l(-8). Let t(b) = -b**2 + b - 3. Calculate t(n).
-9
Let k(l) = -l**2 - 5 - 1368*l + 1368*l + 4. Calculate k(5).
-26
Suppose 11*l - 14 = 19. Let r(a) = a**3 - 2*a**2 + 3*a + 4. What is r(l)?
22
Let x = -26 - -33. Let q be (-8)/(-7 + x + -2). Let c(z) = -z**2 + 9*z + 1. Give c(q).
21
Let b(o) = -2*o + 2. Let p = 20 - 17. Let s be (-24)/(-4) + 3 - p. Determine b(s).
-10
Let m be (17 - 18) + 1 + 129. Let g(r) = -9*r**2 - m - r + 129. Give g(-1).
-8
Let m(s) = -s**2 - 9*s - 14. Let a be -9*22/33 + 0/(-2). Give m(a).
4
Let q(n) be the second derivative of 1/8*n**4 + 4/3*n**3 - 8*n + 0*n**2 - 1/60*n**5 + 0. Let j(l) be the second derivative of q(l). Give j(5).
-7
Let n(w) = -w**2 + 12. Suppose -v - 5 + 11 = 0. Let a be 0*(-1 - 1/(v/(-9))). Calculate n(a).
12
Let u(z) = z**3 - 17*z**2 + 4*z + 1. Let g(n) = -n**3 + 19*n**2 - 4*n - 1. Let v(r) = 6*g(r) + 7*u(r). Calculate v(4).
1
Let j be 8 + 671/(-66) + 3. Let r(o) be the second derivative of -1/6*o**4 - 3/2*o**2 + 0 + j*o**3 + 8*o. Determine r(3).
-6
Suppose -31*i + 27*i = -20. Suppose x = -2*z + 1 - 3, -5*z + 40 = -i*x. Let f(b) = -b**3 - 5*b**2 + 5*b. Give f(x).
6
Let z(n) = n**3 - 9*n**2 - 14*n + 35. Let c be z(10). Let b(f) = -f**3 - 5*f**2 + 2. Give b(c).
2
Let t(b) = -b**2 + 17 + 28*b + 41*b - 64*b. Calculate t(8).
-7
Let w be -2 + 3 + 2/2. Let c(p) = -2*p**w + p**2 + 0 + 2. Suppose -342*o + 31*o + 55*o = -512. Determine c(o).
-2
Let v = -3 - -13. Suppose z + z = v. Let b(g) be the first derivative of g**3/3 - 5*g**2/2 - 3*g - 61. What is b(z)?
-3
Suppose -c + 8 = 2. Let p be -5 - -4 - (-2*2 - -1). Let f(n) = 3 + 2 + 5*n - n**3 + 0 + 0 + 5*n**p. Calculate f(c).
-1
Suppose -5 = z + 4*z. Let w(k) = -k**2 - 1. Let o be (-4)/(-6) - 24/9. Let q(r) = r + 1. Let a(g) = o*q(g) + z*w(g). Determine a(-1).
2
Let d be 10 - 3 - 3/3. Suppose q + 25 = d*q. Let j(u) = -u**3 + 6*u**2 - 1. Calculate j(q).
24
Suppose 2*q - 37 = 5*p - 1, p + 9 = q. Let w(h) = 3*h + 12. Let a(z) = -22*z - 92. Let y(o) = 2*a(o) + 15*w(o). Determine y(p).
-10
Let p(h) = h**3 + h**2 - h - 2. Let s(w) = 4*w**3 - 5*w**2 + 5*w - 1. Let n(a) = -5*p(a) + s(a). Calculate n(-11).
20
Let l(t) be the first derivative of -1/2*t**2 - 9*t + 6 + 5/6*t**3. Let k(v) be the first derivative of l(v). Determine k(-1).
-6
Let x be (-10)/((-40)/(-12))*5. Let f(q) = q + 22. Determine f(x).
7
Let i(t) = -11*t - 23*t + 32*t - 10. What is i(8)?
-26
Let y(w) = -2*w**3 + 12*w**2 - 9*w + 15. Let j(b) = b**3 - 6*b**2 + 5*b - 8. Let a(d) = -11*j(d) - 6*y(d). Calculate a(6).
-8
Let z be (-10)/(-165)*30 - (-4)/22. Let n(o) = 0 - 7 - o + 6 + z. Determine n(2).
-1
Let m(f) be the third derivative of 3*f**2 + 1/12*f**6 + 1/60*f**5 + 1/6*f**3 + 0*f + 0 + 1/24*f**4. Calculate m(-1).
-9
Let a(p) = -2*p**3 - 4*p**2 - p + 3. Let z(h) = -h + 1. Let m be z(3). Let o be a(m). Let s(n) = 2*n - 6. Determine s(o).
4
Let o(y) be the second derivative of y**3/3 + y - 5. Calculate o(-10).
-20
Let k(g) = -5*g - 4. Let y(i) = -14*i - 11. Let s(z) = 11*k(z) - 4*y(z). Let o(n) = -2*n - n + 0*n + 4. Let b(x) = o(x) + 4*s(x). Give b(4).
8
Let h(b) = 2*b + 11. Let n(c) = -c**3 + c. Let v be n(-1). Let r be h(v). Let m = -8 + r. Let l(f) = f**3 - 2*f**2 - 2*f - 3. What is l(m)?
0
Let b be (3/3)/((-1 - -5)/20). Let l(z) = -9*z + 5. Calculate l(b).
-40
Let j(x) = -6*x - 11. Suppose 7*u = 5*u - 16. Give j(u).
37
Let z be 1/10*-2 + (-528)/(-15). Let f(u) = -3*u + 108. What is f(z)?
3
Suppose -3*q - 75 = -0*q. Let d be ((-30)/q)/((-2)/(-5)). Suppose -2*i - 1 = -k - d*i, 3*k = 4*i - 4. Let m(a) = -a**2 + a - 10. What is m(k)?
-10
Let r(g) = -6*g**3 + 2*g**2 - 3*g. Let a be (165/(-18) + 9)/(1/(-12)). Determine r(a).
-46
Let w(x) be the second derivative of -x**3/3 - x**2 - 113*x - 2. Determine w(-2).
2
Let i = -18/13 + 85/52. Let l(t) be the first derivative of i*t**4 + 0*t**2 - t + 1 + 2/3*t**3. Give l(1).
2
Let k(m) = m**2 - 6*m - 6. Suppose 32*y - 31*y = -10. Let q be y/15 + 26/3. What is k(q)?
10
Let f(q) = -48*q**2 + 4*q - 4. Let w(g) = 10*g**2 - g + 1. Let j(h) = 3*f(h) + 14*w(h). Give j(2).
-18
Let h be -4 - 0 - (-11 + 7). Let t(o) be the first derivative of h*o - 5 + o**2 + 1/3*o**3. What is t(2)?
8
Let x(y) = y**2 - 2*y - 2. Suppose -h + 2*k = -0*k - 42, 0 = -h + 3*k + 47. Let q be (-48)/h - (-22)/4. Determine x(q).
6
Let a(p) = -p**2 + 9*p + 10. Let z(f) = f**2 - 3*f - 29. Let y be z(8). What is a(y)?
-12
Suppose -a + 5*n + 2 = 11, 4*a - 30 = -2*n. Let j(g) be the first derivative of -a + 1/4*g**4 - g + 5/3*g**3 + 3/2*g**2. Give j(-4).
3
Let l(j) = -j**2 + 4*j - 3. Let h(b) = -b**3 - 7*b**2 + b + 7. Let q be h(-7). Let a(w) = -3*w + 3*w + 2*w - w + 3. Let k be a(q). Calculate l(k).
0
Let z = 96 + -93. Let o(n) = -n**3 - 3*n**2 + 5*n + 6. Let q be o(-4). Suppose 2*x - 2*b + 2 = 0, -3*x - z + q = -4*b. Let w(i) = i**2 - i - 3. What is w(x)?
9
Suppose -9*r = -7*r. Suppose 2*v + r - 6 = 0, -l - 5 = -2*v. Let t(n) be the first derivative of 3*n**4/2 - n**3/3 + n - 2. Determine t(l).
6
Let t(z) = 6*z + 10. Suppose -15 + 27 = -m - 4*s, 3*m + s = -3. Calculate t(m).
10
Let k(x) = x**3 - 7*x**2 + 5*x + 7. Let b(s) = 2*s + 20. Let j be b(-9). Let z = j + 3. Suppose -9 = z*r - 39. What is k(r)?
1
Let i(q) = 4*q**3 - 10*q**2 + q - 16. Let n(t) = -5*t**3 + 11*t**2 + 2*t + 17. Let w(k) = -4*i(k) - 3*n(k). Determine w(6).
-11
Let t(u) = -15*u**2. Let g be (1 - (9 + -6))*2/(-4). Give t(g).
-15
Let p(z) = z**3 + 2*z**2 - z + 1. Let q(w) = w**2 + 10*w + 5. Let n be q(-10). Suppose n*u = u + 120. Suppose 2*t - 3*t = m + 8, 3*t + u = -5*m. Give p(m).
-5
Let x(q) be the third derivative of q**5/60 - q**4/4 - 2*q**3/3 - 49*q**2. Give x(7).
3
Let y(a) be the second derivative of -a**3/6 + 4*a**2 - 1076*a. Determine y(5).
3
Let q be (-14)/(-42) + -6*(-32)/18. Let c(r) = r**2 - 12*r + 3. What is c(q)?
-8
Let i = 29 - 15. Let y = i - 9. Let h(k) = -k**2 + k. Let x(c) = -3*c**2 + c - 1. Let f(a) = 4*h(a) - x(a). What is f(y)?
-9
Let r(c) = 2*c**3 - 9*c**2 + 3*c + 6. Let o(g) = -6*g**2 - g. Let f be o(1). Let l(i) = -i**3 + 4*i**2 - i - 3. Let x(z) = f*l(z) - 3*r(z). Calculate x(2).
3
Suppose 3*i + 8*i - 88 = 0. Let u(h) = -h**3 + 8*h**2 - 1. Determine u(i).
-1
Suppose 4*n + 16 = t, -12*t - 4*n = -